{"id":89704,"date":"2026-04-28T15:09:43","date_gmt":"2026-04-28T13:09:43","guid":{"rendered":"https:\/\/de-fr-vorlage.spschweiz.ch\/parti\/positions\/"},"modified":"2026-04-28T15:11:54","modified_gmt":"2026-04-28T13:11:54","slug":"positions","status":"publish","type":"page","link":"https:\/\/de-fr-vorlage.spschweiz.ch\/fr\/parti\/positions\/","title":{"rendered":"Positions"},"content":{"rendered":"\t\t<div data-elementor-type=\"wp-page\" data-elementor-id=\"89704\" class=\"elementor elementor-89704 elementor-84267\" data-elementor-post-type=\"page\">\n\t\t\t\t\t\t<section class=\"elementor-section elementor-top-section elementor-element elementor-element-adaf89b elementor-section-boxed elementor-section-height-default elementor-section-height-default\" data-id=\"adaf89b\" data-element_type=\"section\" data-settings=\"{&quot;jet_parallax_layout_list&quot;:[],&quot;background_background&quot;:&quot;classic&quot;}\">\n\t\t\t\t\t\t<div class=\"elementor-container elementor-column-gap-wide\">\n\t\t\t\t\t<div class=\"elementor-column elementor-col-100 elementor-top-column elementor-element elementor-element-ed9bf02\" data-id=\"ed9bf02\" data-element_type=\"column\">\n\t\t\t<div class=\"elementor-widget-wrap elementor-element-populated\">\n\t\t\t\t\t\t<div class=\"elementor-element elementor-element-4a3e421 elementor-widget elementor-widget-heading\" data-id=\"4a3e421\" data-element_type=\"widget\" data-widget_type=\"heading.default\">\n\t\t\t\t<div class=\"elementor-widget-container\">\n\t\t\t\t\t<h1 class=\"elementor-heading-title elementor-size-default\">Positions<\/h1>\t\t\t\t<\/div>\n\t\t\t\t<\/div>\n\t\t\n\t\t<div class=\"elementor-element elementor-element-a178380 elementor-widget__width-initial elementor-widget elementor-widget-text-editor\" data-id=\"a178380\" data-element_type=\"widget\" data-widget_type=\"text-editor.default\">\n\t\t\t\t<div class=\"elementor-widget-container\">\n\t\t\t\t\t\t\t\t\t<p>Conform\u00e9ment \u00e0 sa devise &#8220;Pour tous et non pour quelques-uns&#8221;, le mouvement socialiste suisse se bat depuis plus de 150 ans pour de bons salaires et des conditions d&#8217;emploi \u00e9quitables. Notre section s&#8217;est \u00e9galement int\u00e9ress\u00e9e aux questions suivantes.<\/p>\t\t\t\t\t\t\t\t<\/div>\n\t\t\t\t<\/div>\n\t\t\t\t\t<\/div>\n\t\t<\/div>\n\t\t\t\t\t<\/div>\n\t\t<\/section>\n\t\t\t\t<section class=\"elementor-section elementor-top-section elementor-element elementor-element-3d3075c elementor-section-boxed elementor-section-height-default elementor-section-height-default\" data-id=\"3d3075c\" data-element_type=\"section\" data-settings=\"{&quot;jet_parallax_layout_list&quot;:[]}\">\n\t\t\t\t\t\t<div class=\"elementor-container elementor-column-gap-default\">\n\t\t\t\t\t<div class=\"elementor-column elementor-col-100 elementor-top-column elementor-element elementor-element-a031249\" data-id=\"a031249\" data-element_type=\"column\">\n\t\t\t<div class=\"elementor-widget-wrap elementor-element-populated\">\n\t\t\t\t\t\t<div class=\"elementor-element elementor-element-06fe7d9 elementor-widget elementor-widget-accordion\" data-id=\"06fe7d9\" data-element_type=\"widget\" data-widget_type=\"accordion.default\">\n\t\t\t\t<div class=\"elementor-widget-container\">\n\t\t\t\t\t\t\t<div class=\"elementor-accordion\">\n\t\t\t\t\t\t\t<div class=\"elementor-accordion-item\">\n\t\t\t\t\t<div id=\"elementor-tab-title-7331\" class=\"elementor-tab-title\" data-tab=\"1\" role=\"button\" aria-controls=\"elementor-tab-content-7331\" aria-expanded=\"false\">\n\t\t\t\t\t\t\t\t\t\t\t\t\t<span class=\"elementor-accordion-icon elementor-accordion-icon-left\" aria-hidden=\"true\">\n\t\t\t\t\t\t\t\t\t\t\t\t\t\t\t<span class=\"elementor-accordion-icon-closed\"><i class=\"fas fa-plus\"><\/i><\/span>\n\t\t\t\t\t\t\t\t<span class=\"elementor-accordion-icon-opened\"><i class=\"fas fa-minus\"><\/i><\/span>\n\t\t\t\t\t\t\t\t\t\t\t\t\t\t<\/span>\n\t\t\t\t\t\t\t\t\t\t\t\t<a class=\"elementor-accordion-title\" tabindex=\"0\">Service Public<\/a>\n\t\t\t\t\t<\/div>\n\t\t\t\t\t<div id=\"elementor-tab-content-7331\" class=\"elementor-tab-content elementor-clearfix\" data-tab=\"1\" role=\"region\" aria-labelledby=\"elementor-tab-title-7331\"><p>Nous nous engageons pour un \u00c9tat fort et un service public de qualit\u00e9. Nous n&#8217;entendons pas seulement par l\u00e0 des transports publics bien d\u00e9velopp\u00e9s. Au contraire, un \u00c9tat fort permet \u00e0 tous les r\u00e9sidents de participer \u00e0 la prosp\u00e9rit\u00e9. Nous nous engageons pour des \u00e9coles modernes, des terrains de sport et des salles de sport, des \u00e9coles de musique et une infrastructure de loisirs riche comme des piscines, des patinoires et des patinoires couvertes. Nous soutenons l&#8217;offre culturelle cr\u00e9ative de la ville ainsi que les concerts, les \u00e9v\u00e9nements sportifs et d&#8217;autres grandes manifestations auxquelles tout le monde peut participer, et pas seulement les personnes ais\u00e9es.<\/p>\n<\/div>\n\t\t\t\t<\/div>\n\t\t\t\t\t\t\t<div class=\"elementor-accordion-item\">\n\t\t\t\t\t<div id=\"elementor-tab-title-7332\" class=\"elementor-tab-title\" data-tab=\"2\" role=\"button\" aria-controls=\"elementor-tab-content-7332\" aria-expanded=\"false\">\n\t\t\t\t\t\t\t\t\t\t\t\t\t<span class=\"elementor-accordion-icon elementor-accordion-icon-left\" aria-hidden=\"true\">\n\t\t\t\t\t\t\t\t\t\t\t\t\t\t\t<span class=\"elementor-accordion-icon-closed\"><i class=\"fas fa-plus\"><\/i><\/span>\n\t\t\t\t\t\t\t\t<span class=\"elementor-accordion-icon-opened\"><i class=\"fas fa-minus\"><\/i><\/span>\n\t\t\t\t\t\t\t\t\t\t\t\t\t\t<\/span>\n\t\t\t\t\t\t\t\t\t\t\t\t<a class=\"elementor-accordion-title\" tabindex=\"0\">\u00c9galit\u00e9 des chances<\/a>\n\t\t\t\t\t<\/div>\n\t\t\t\t\t<div id=\"elementor-tab-content-7332\" class=\"elementor-tab-content elementor-clearfix\" data-tab=\"2\" role=\"region\" aria-labelledby=\"elementor-tab-title-7332\"><p>L&#8217;\u00e9galit\u00e9 des chances nous tient \u00e0 c\u0153ur. Il ne s&#8217;agit pas seulement de l&#8217;\u00e9galit\u00e9 des droits entre les hommes et les femmes, mais aussi de l&#8217;acc\u00e8s \u00e0 l&#8217;\u00e9ducation et de son co\u00fbt pour tous. L&#8217;enseignement sup\u00e9rieur ne doit pas \u00eatre r\u00e9serv\u00e9 aux personnes ais\u00e9es.<\/p>\n<\/div>\n\t\t\t\t<\/div>\n\t\t\t\t\t\t\t<div class=\"elementor-accordion-item\">\n\t\t\t\t\t<div id=\"elementor-tab-title-7333\" class=\"elementor-tab-title\" data-tab=\"3\" role=\"button\" aria-controls=\"elementor-tab-content-7333\" aria-expanded=\"false\">\n\t\t\t\t\t\t\t\t\t\t\t\t\t<span class=\"elementor-accordion-icon elementor-accordion-icon-left\" aria-hidden=\"true\">\n\t\t\t\t\t\t\t\t\t\t\t\t\t\t\t<span class=\"elementor-accordion-icon-closed\"><i class=\"fas fa-plus\"><\/i><\/span>\n\t\t\t\t\t\t\t\t<span class=\"elementor-accordion-icon-opened\"><i class=\"fas fa-minus\"><\/i><\/span>\n\t\t\t\t\t\t\t\t\t\t\t\t\t\t<\/span>\n\t\t\t\t\t\t\t\t\t\t\t\t<a class=\"elementor-accordion-title\" tabindex=\"0\">Nature et environnement<\/a>\n\t\t\t\t\t<\/div>\n\t\t\t\t\t<div id=\"elementor-tab-content-7333\" class=\"elementor-tab-content elementor-clearfix\" data-tab=\"3\" role=\"region\" aria-labelledby=\"elementor-tab-title-7333\"><p>Le Mouvement socialiste s&#8217;est toujours engag\u00e9 pour une meilleure protection de l&#8217;environnement et du climat. Le changement climatique est d\u00e9j\u00e0 perceptible ici aussi, dans la ville. Si nous sommes si nombreux \u00e0 aimer vivre dans le Seeland, c&#8217;est aussi en raison de la nature. Nous voulons pr\u00e9server cela, nous voulons un tourisme doux et une politique \u00e9conomique respectueuse de l&#8217;environnement.<\/p>\n<\/div>\n\t\t\t\t<\/div>\n\t\t\t\t\t\t\t<div class=\"elementor-accordion-item\">\n\t\t\t\t\t<div id=\"elementor-tab-title-7334\" class=\"elementor-tab-title\" data-tab=\"4\" role=\"button\" aria-controls=\"elementor-tab-content-7334\" aria-expanded=\"false\">\n\t\t\t\t\t\t\t\t\t\t\t\t\t<span class=\"elementor-accordion-icon elementor-accordion-icon-left\" aria-hidden=\"true\">\n\t\t\t\t\t\t\t\t\t\t\t\t\t\t\t<span class=\"elementor-accordion-icon-closed\"><i class=\"fas fa-plus\"><\/i><\/span>\n\t\t\t\t\t\t\t\t<span class=\"elementor-accordion-icon-opened\"><i class=\"fas fa-minus\"><\/i><\/span>\n\t\t\t\t\t\t\t\t\t\t\t\t\t\t<\/span>\n\t\t\t\t\t\t\t\t\t\t\t\t<a class=\"elementor-accordion-title\" tabindex=\"0\">Des infrastructures modernes<\/a>\n\t\t\t\t\t<\/div>\n\t\t\t\t\t<div id=\"elementor-tab-content-7334\" class=\"elementor-tab-content elementor-clearfix\" data-tab=\"4\" role=\"region\" aria-labelledby=\"elementor-tab-title-7334\"><p>Afin d&#8217;am\u00e9liorer la qualit\u00e9 de vie et le sentiment de libert\u00e9 de la population, nous nous engageons en faveur de structures modernes. Nous demandons des cantines et des garderies pour tous, ainsi que des \u00e9tablissements modernes pour personnes \u00e2g\u00e9es et des espaces communs ad\u00e9quats. Jeunes ou moins jeunes, toutes les personnes, \u00e0 tous les \u00e2ges de la vie, doivent pouvoir participer \u00e0 la vie de la communaut\u00e9.<\/p>\n<\/div>\n\t\t\t\t<\/div>\n\t\t\t\t\t\t\t<div class=\"elementor-accordion-item\">\n\t\t\t\t\t<div id=\"elementor-tab-title-7335\" class=\"elementor-tab-title\" data-tab=\"5\" role=\"button\" aria-controls=\"elementor-tab-content-7335\" aria-expanded=\"false\">\n\t\t\t\t\t\t\t\t\t\t\t\t\t<span class=\"elementor-accordion-icon elementor-accordion-icon-left\" aria-hidden=\"true\">\n\t\t\t\t\t\t\t\t\t\t\t\t\t\t\t<span class=\"elementor-accordion-icon-closed\"><i class=\"fas fa-plus\"><\/i><\/span>\n\t\t\t\t\t\t\t\t<span class=\"elementor-accordion-icon-opened\"><i class=\"fas fa-minus\"><\/i><\/span>\n\t\t\t\t\t\t\t\t\t\t\t\t\t\t<\/span>\n\t\t\t\t\t\t\t\t\t\t\t\t<a class=\"elementor-accordion-title\" tabindex=\"0\">Une infrastructure de pointe<\/a>\n\t\t\t\t\t<\/div>\n\t\t\t\t\t<div id=\"elementor-tab-content-7335\" class=\"elementor-tab-content elementor-clearfix\" data-tab=\"5\" role=\"region\" aria-labelledby=\"elementor-tab-title-7335\"><p>Notre r\u00e9gion a besoin d&#8217;une infrastructure avanc\u00e9e. La population locale et les entreprises en b\u00e9n\u00e9ficient. L&#8217;innovation et le d\u00e9veloppement durable doivent permettre de pr\u00e9server les emplois et de lutter ainsi contre l&#8217;exode.<\/p>\n<p>Conform\u00e9ment \u00e0 la politique \u00e9nerg\u00e9tique cantonale, nous nous engageons en faveur d&#8217;un approvisionnement \u00e9nerg\u00e9tique d\u00e9centralis\u00e9 et \u00e9co-efficace (photovolta\u00efque, \u00e9nergie hydraulique, biomasse, r\u00e9novation des b\u00e2timents) dans le but de remplacer les \u00e9nergies fossiles. <\/p>\n<\/div>\n\t\t\t\t<\/div>\n\t\t\t\t\t\t\t\t<\/div>\n\t\t\t\t\t\t<\/div>\n\t\t\t\t<\/div>\n\t\t\t\t\t<\/div>\n\t\t<\/div>\n\t\t\t\t\t<\/div>\n\t\t<\/section>\n\t\t\t\t<\/div>\n\t\t","protected":false},"excerpt":{"rendered":"<p>Positions Conform\u00e9ment \u00e0 sa devise &#8220;Pour tous et non pour quelques-uns&#8221;, le mouvement socialiste suisse se bat depuis plus de 150 ans pour de bons salaires et des conditions d&#8217;emploi [&hellip;]<\/p>\n","protected":false},"author":5,"featured_media":0,"parent":30425,"menu_order":0,"comment_status":"closed","ping_status":"closed","template":"","meta":{"footnotes":""},"class_list":["post-89704","page","type-page","status-publish","hentry"],"_links":{"self":[{"href":"https:\/\/de-fr-vorlage.spschweiz.ch\/fr\/wp-json\/wp\/v2\/pages\/89704","targetHints":{"allow":["GET"]}}],"collection":[{"href":"https:\/\/de-fr-vorlage.spschweiz.ch\/fr\/wp-json\/wp\/v2\/pages"}],"about":[{"href":"https:\/\/de-fr-vorlage.spschweiz.ch\/fr\/wp-json\/wp\/v2\/types\/page"}],"author":[{"embeddable":true,"href":"https:\/\/de-fr-vorlage.spschweiz.ch\/fr\/wp-json\/wp\/v2\/users\/5"}],"replies":[{"embeddable":true,"href":"https:\/\/de-fr-vorlage.spschweiz.ch\/fr\/wp-json\/wp\/v2\/comments?post=89704"}],"version-history":[{"count":2,"href":"https:\/\/de-fr-vorlage.spschweiz.ch\/fr\/wp-json\/wp\/v2\/pages\/89704\/revisions"}],"predecessor-version":[{"id":89709,"href":"https:\/\/de-fr-vorlage.spschweiz.ch\/fr\/wp-json\/wp\/v2\/pages\/89704\/revisions\/89709"}],"up":[{"embeddable":true,"href":"https:\/\/de-fr-vorlage.spschweiz.ch\/fr\/wp-json\/wp\/v2\/pages\/30425"}],"wp:attachment":[{"href":"https:\/\/de-fr-vorlage.spschweiz.ch\/fr\/wp-json\/wp\/v2\/media?parent=89704"}],"curies":[{"name":"wp","href":"https:\/\/api.w.org\/{rel}","templated":true}]}}

<div data-elementor-type="wp-page" data-elementor-id="89704" class="elementor elementor-89704 elementor-84267" data-elementor-post-type="page">
						<section class="elementor-section elementor-top-section elementor-element elementor-element-adaf89b elementor-section-boxed elementor-section-height-default elementor-section-height-default" data-id="adaf89b" data-element_type="section" data-settings="{&quot;jet_parallax_layout_list&quot;:[],&quot;background_background&quot;:&quot;classic&quot;}">
						<div class="elementor-container elementor-column-gap-wide">
					<div class="elementor-column elementor-col-100 elementor-top-column elementor-element elementor-element-ed9bf02" data-id="ed9bf02" data-element_type="column">
			<div class="elementor-widget-wrap elementor-element-populated">
						<div class="elementor-element elementor-element-4a3e421 elementor-widget elementor-widget-heading" data-id="4a3e421" data-element_type="widget" data-widget_type="heading.default">
				<div class="elementor-widget-container">
					<h1 class="elementor-heading-title elementor-size-default">Positions</h1>				</div>
				</div>
		
		<div class="elementor-element elementor-element-a178380 elementor-widget__width-initial elementor-widget elementor-widget-text-editor" data-id="a178380" data-element_type="widget" data-widget_type="text-editor.default">
				<div class="elementor-widget-container">
									<p>Conformément à sa devise &#8220;Pour tous et non pour quelques-uns&#8221;, le mouvement socialiste suisse se bat depuis plus de 150 ans pour de bons salaires et des conditions d&#8217;emploi équitables. Notre section s&#8217;est également intéressée aux questions suivantes.</p>								</div>
				</div>
					</div>
		</div>
					</div>
		</section>
				<section class="elementor-section elementor-top-section elementor-element elementor-element-3d3075c elementor-section-boxed elementor-section-height-default elementor-section-height-default" data-id="3d3075c" data-element_type="section" data-settings="{&quot;jet_parallax_layout_list&quot;:[]}">
						<div class="elementor-container elementor-column-gap-default">
					<div class="elementor-column elementor-col-100 elementor-top-column elementor-element elementor-element-a031249" data-id="a031249" data-element_type="column">
			<div class="elementor-widget-wrap elementor-element-populated">
						<div class="elementor-element elementor-element-06fe7d9 elementor-widget elementor-widget-accordion" data-id="06fe7d9" data-element_type="widget" data-widget_type="accordion.default">
				<div class="elementor-widget-container">
							<div class="elementor-accordion">
							<div class="elementor-accordion-item">
					<div id="elementor-tab-title-7331" class="elementor-tab-title" data-tab="1" role="button" aria-controls="elementor-tab-content-7331" aria-expanded="false">
													<span class="elementor-accordion-icon elementor-accordion-icon-left" aria-hidden="true">
															<span class="elementor-accordion-icon-closed"><i class="fas fa-plus"></i></span>
								<span class="elementor-accordion-icon-opened"><i class="fas fa-minus"></i></span>
														</span>
												<a class="elementor-accordion-title" tabindex="0">Service Public</a>
					</div>
					<div id="elementor-tab-content-7331" class="elementor-tab-content elementor-clearfix" data-tab="1" role="region" aria-labelledby="elementor-tab-title-7331"><p>Nous nous engageons pour un État fort et un service public de qualité. Nous n&#8217;entendons pas seulement par là des transports publics bien développés. Au contraire, un État fort permet à tous les résidents de participer à la prospérité. Nous nous engageons pour des écoles modernes, des terrains de sport et des salles de sport, des écoles de musique et une infrastructure de loisirs riche comme des piscines, des patinoires et des patinoires couvertes. Nous soutenons l&#8217;offre culturelle créative de la ville ainsi que les concerts, les événements sportifs et d&#8217;autres grandes manifestations auxquelles tout le monde peut participer, et pas seulement les personnes aisées.</p>
</div>
				</div>
							<div class="elementor-accordion-item">
					<div id="elementor-tab-title-7332" class="elementor-tab-title" data-tab="2" role="button" aria-controls="elementor-tab-content-7332" aria-expanded="false">
													<span class="elementor-accordion-icon elementor-accordion-icon-left" aria-hidden="true">
															<span class="elementor-accordion-icon-closed"><i class="fas fa-plus"></i></span>
								<span class="elementor-accordion-icon-opened"><i class="fas fa-minus"></i></span>
														</span>
												<a class="elementor-accordion-title" tabindex="0">Égalité des chances</a>
					</div>
					<div id="elementor-tab-content-7332" class="elementor-tab-content elementor-clearfix" data-tab="2" role="region" aria-labelledby="elementor-tab-title-7332"><p>L&#8217;égalité des chances nous tient à cœur. Il ne s&#8217;agit pas seulement de l&#8217;égalité des droits entre les hommes et les femmes, mais aussi de l&#8217;accès à l&#8217;éducation et de son coût pour tous. L&#8217;enseignement supérieur ne doit pas être réservé aux personnes aisées.</p>
</div>
				</div>
							<div class="elementor-accordion-item">
					<div id="elementor-tab-title-7333" class="elementor-tab-title" data-tab="3" role="button" aria-controls="elementor-tab-content-7333" aria-expanded="false">
													<span class="elementor-accordion-icon elementor-accordion-icon-left" aria-hidden="true">
															<span class="elementor-accordion-icon-closed"><i class="fas fa-plus"></i></span>
								<span class="elementor-accordion-icon-opened"><i class="fas fa-minus"></i></span>
														</span>
												<a class="elementor-accordion-title" tabindex="0">Nature et environnement</a>
					</div>
					<div id="elementor-tab-content-7333" class="elementor-tab-content elementor-clearfix" data-tab="3" role="region" aria-labelledby="elementor-tab-title-7333"><p>Le Mouvement socialiste s&#8217;est toujours engagé pour une meilleure protection de l&#8217;environnement et du climat. Le changement climatique est déjà perceptible ici aussi, dans la ville. Si nous sommes si nombreux à aimer vivre dans le Seeland, c&#8217;est aussi en raison de la nature. Nous voulons préserver cela, nous voulons un tourisme doux et une politique économique respectueuse de l&#8217;environnement.</p>
</div>
				</div>
							<div class="elementor-accordion-item">
					<div id="elementor-tab-title-7334" class="elementor-tab-title" data-tab="4" role="button" aria-controls="elementor-tab-content-7334" aria-expanded="false">
													<span class="elementor-accordion-icon elementor-accordion-icon-left" aria-hidden="true">
															<span class="elementor-accordion-icon-closed"><i class="fas fa-plus"></i></span>
								<span class="elementor-accordion-icon-opened"><i class="fas fa-minus"></i></span>
														</span>
												<a class="elementor-accordion-title" tabindex="0">Des infrastructures modernes</a>
					</div>
					<div id="elementor-tab-content-7334" class="elementor-tab-content elementor-clearfix" data-tab="4" role="region" aria-labelledby="elementor-tab-title-7334"><p>Afin d&#8217;améliorer la qualité de vie et le sentiment de liberté de la population, nous nous engageons en faveur de structures modernes. Nous demandons des cantines et des garderies pour tous, ainsi que des établissements modernes pour personnes âgées et des espaces communs adéquats. Jeunes ou moins jeunes, toutes les personnes, à tous les âges de la vie, doivent pouvoir participer à la vie de la communauté.</p>
</div>
				</div>
							<div class="elementor-accordion-item">
					<div id="elementor-tab-title-7335" class="elementor-tab-title" data-tab="5" role="button" aria-controls="elementor-tab-content-7335" aria-expanded="false">
													<span class="elementor-accordion-icon elementor-accordion-icon-left" aria-hidden="true">
															<span class="elementor-accordion-icon-closed"><i class="fas fa-plus"></i></span>
								<span class="elementor-accordion-icon-opened"><i class="fas fa-minus"></i></span>
														</span>
												<a class="elementor-accordion-title" tabindex="0">Une infrastructure de pointe</a>
					</div>
					<div id="elementor-tab-content-7335" class="elementor-tab-content elementor-clearfix" data-tab="5" role="region" aria-labelledby="elementor-tab-title-7335"><p>Notre région a besoin d&#8217;une infrastructure avancée. La population locale et les entreprises en bénéficient. L&#8217;innovation et le développement durable doivent permettre de préserver les emplois et de lutter ainsi contre l&#8217;exode.</p>
<p>Conformément à la politique énergétique cantonale, nous nous engageons en faveur d&#8217;un approvisionnement énergétique décentralisé et éco-efficace (photovoltaïque, énergie hydraulique, biomasse, rénovation des bâtiments) dans le but de remplacer les énergies fossiles. </p>
</div>
				</div>
								</div>
						</div>
				</div>
					</div>
		</div>
					</div>
		</section>
				</div>

<p>Positions Conformément à sa devise &#8220;Pour tous et non pour quelques-uns&#8221;, le mouvement socialiste suisse se bat depuis plus de 150 ans pour de bons salaires et des conditions d&#8217;emploi [&hellip;]</p>
