{"id":86953,"date":"2023-05-31T15:48:52","date_gmt":"2023-05-31T13:48:52","guid":{"rendered":"https:\/\/spbe.spschweiz.ch\/personnes\/comite-directeur\/"},"modified":"2023-05-31T15:48:52","modified_gmt":"2023-05-31T13:48:52","slug":"comite-directeur","status":"publish","type":"page","link":"https:\/\/de-fr-vorlage.spschweiz.ch\/fr\/personnes\/comite-directeur\/","title":{"rendered":"Comit\u00e9 directeur"},"content":{"rendered":"\t\t<div data-elementor-type=\"wp-page\" data-elementor-id=\"86953\" class=\"elementor elementor-86953 elementor-84146\" data-elementor-post-type=\"page\">\n\t\t\t\t\t\t<section class=\"elementor-section elementor-top-section elementor-element elementor-element-603adb1 elementor-section-boxed elementor-section-height-default elementor-section-height-default\" data-id=\"603adb1\" data-element_type=\"section\" data-settings=\"{&quot;jet_parallax_layout_list&quot;:[],&quot;background_background&quot;:&quot;classic&quot;}\">\n\t\t\t\t\t\t<div class=\"elementor-container elementor-column-gap-wide\">\n\t\t\t\t\t<div class=\"elementor-column elementor-col-100 elementor-top-column elementor-element elementor-element-b25c69f\" data-id=\"b25c69f\" data-element_type=\"column\">\n\t\t\t<div class=\"elementor-widget-wrap elementor-element-populated\">\n\t\t\t\t\t\t<div class=\"elementor-element elementor-element-0e9cdfb elementor-widget elementor-widget-heading\" data-id=\"0e9cdfb\" data-element_type=\"widget\" data-widget_type=\"heading.default\">\n\t\t\t\t<div class=\"elementor-widget-container\">\n\t\t\t\t\t<h1 class=\"elementor-heading-title elementor-size-default\">Comit\u00e9 directeur<\/h1>\t\t\t\t<\/div>\n\t\t\t\t<\/div>\n\t\t\n\t\t<div class=\"elementor-element elementor-element-4c612fe elementor-widget elementor-widget-jet-breadcrumbs\" data-id=\"4c612fe\" data-element_type=\"widget\" data-widget_type=\"jet-breadcrumbs.default\">\n\t\t\t\t<div class=\"elementor-widget-container\">\n\t\t\t\t\t<div class=\"elementor-jet-breadcrumbs jet-blocks\">\n\t\t<div class=\"jet-breadcrumbs\">\n\t\t<div class=\"jet-breadcrumbs__content\">\n\t\t<div class=\"jet-breadcrumbs__wrap\">\n\t\t<\/div>\n\t\t<\/div>\n\t\t<\/div><\/div>\t\t\t\t<\/div>\n\t\t\t\t<\/div>\n\t\t\t\t<div class=\"elementor-element elementor-element-4b197a1 elementor-widget__width-initial elementor-widget elementor-widget-text-editor\" data-id=\"4b197a1\" data-element_type=\"widget\" data-widget_type=\"text-editor.default\">\n\t\t\t\t<div class=\"elementor-widget-container\">\n\t\t\t\t\t\t\t\t\t<p>Le Comit\u00e9 directeur est responsable de la direction strat\u00e9gique du PS du canton de Berne. Il arr\u00eate les lignes directrices politiques et d\u00e9cide des campagnes de votation et d\u2019\u00e9lection. Il r\u00e9unit les membres du comit\u00e9 directeur, les membres PS du gouvernement, le Chancelier d\u2019Etat et les membres \u00e9lus par le congr\u00e8s.<\/p>\n\t\t\t\t\t\t\t\t<\/div>\n\t\t\t\t<\/div>\n\t\t\t\t\t<\/div>\n\t\t<\/div>\n\t\t\t\t\t<\/div>\n\t\t<\/section>\n\t\t\t\t<section class=\"elementor-section elementor-top-section elementor-element elementor-element-dc5f2fc elementor-section-boxed elementor-section-height-default elementor-section-height-default\" data-id=\"dc5f2fc\" data-element_type=\"section\" data-settings=\"{&quot;jet_parallax_layout_list&quot;:[]}\">\n\t\t\t\t\t\t<div class=\"elementor-container elementor-column-gap-default\">\n\t\t\t\t\t<div class=\"elementor-column elementor-col-100 elementor-top-column elementor-element elementor-element-6a1a188\" data-id=\"6a1a188\" data-element_type=\"column\">\n\t\t\t<div class=\"elementor-widget-wrap elementor-element-populated\">\n\t\t\t\t\t\t<div class=\"elementor-element elementor-element-06242fc elementor-widget elementor-widget-jet-breadcrumbs\" data-id=\"06242fc\" data-element_type=\"widget\" data-widget_type=\"jet-breadcrumbs.default\">\n\t\t\t\t<div class=\"elementor-widget-container\">\n\t\t\t\t\t<div class=\"elementor-jet-breadcrumbs jet-blocks\">\n\t\t<div class=\"jet-breadcrumbs\">\n\t\t<div class=\"jet-breadcrumbs__content\">\n\t\t<div class=\"jet-breadcrumbs__wrap\">\n\t\t<\/div>\n\t\t<\/div>\n\t\t<\/div><\/div>\t\t\t\t<\/div>\n\t\t\t\t<\/div>\n\t\t\t\t<div class=\"elementor-element elementor-element-d414c47 elementor-widget elementor-widget-spps_person_grid\" data-id=\"d414c47\" data-element_type=\"widget\" data-widget_type=\"spps_person_grid.default\">\n\t\t\t\t<div class=\"elementor-widget-container\">\n\t\t\t\t\t<div class=\"button-list-wrapper wrapper-spacing-default\"><div class=\"button-list-container\"><p>Es wurden keine Personen gefunden.<\/p><\/div><\/div>\t\t\t\t<\/div>\n\t\t\t\t<\/div>\n\t\t\t\t\t<\/div>\n\t\t<\/div>\n\t\t\t\t\t<\/div>\n\t\t<\/section>\n\t\t\t\t<\/div>\n\t\t","protected":false},"excerpt":{"rendered":"<p>Comit\u00e9 directeur Le Comit\u00e9 directeur est responsable de la direction strat\u00e9gique du PS du canton de Berne. Il arr\u00eate les lignes directrices politiques et d\u00e9cide des campagnes de votation et [&hellip;]<\/p>\n","protected":false},"author":5,"featured_media":0,"parent":30434,"menu_order":0,"comment_status":"closed","ping_status":"closed","template":"","meta":{"footnotes":""},"class_list":["post-86953","page","type-page","status-publish","hentry"],"_links":{"self":[{"href":"https:\/\/de-fr-vorlage.spschweiz.ch\/fr\/wp-json\/wp\/v2\/pages\/86953","targetHints":{"allow":["GET"]}}],"collection":[{"href":"https:\/\/de-fr-vorlage.spschweiz.ch\/fr\/wp-json\/wp\/v2\/pages"}],"about":[{"href":"https:\/\/de-fr-vorlage.spschweiz.ch\/fr\/wp-json\/wp\/v2\/types\/page"}],"author":[{"embeddable":true,"href":"https:\/\/de-fr-vorlage.spschweiz.ch\/fr\/wp-json\/wp\/v2\/users\/5"}],"replies":[{"embeddable":true,"href":"https:\/\/de-fr-vorlage.spschweiz.ch\/fr\/wp-json\/wp\/v2\/comments?post=86953"}],"version-history":[{"count":1,"href":"https:\/\/de-fr-vorlage.spschweiz.ch\/fr\/wp-json\/wp\/v2\/pages\/86953\/revisions"}],"predecessor-version":[{"id":86954,"href":"https:\/\/de-fr-vorlage.spschweiz.ch\/fr\/wp-json\/wp\/v2\/pages\/86953\/revisions\/86954"}],"up":[{"embeddable":true,"href":"https:\/\/de-fr-vorlage.spschweiz.ch\/fr\/wp-json\/wp\/v2\/pages\/30434"}],"wp:attachment":[{"href":"https:\/\/de-fr-vorlage.spschweiz.ch\/fr\/wp-json\/wp\/v2\/media?parent=86953"}],"curies":[{"name":"wp","href":"https:\/\/api.w.org\/{rel}","templated":true}]}}

Comité directeur

<div data-elementor-type="wp-page" data-elementor-id="86953" class="elementor elementor-86953 elementor-84146" data-elementor-post-type="page">
						<section class="elementor-section elementor-top-section elementor-element elementor-element-603adb1 elementor-section-boxed elementor-section-height-default elementor-section-height-default" data-id="603adb1" data-element_type="section" data-settings="{&quot;jet_parallax_layout_list&quot;:[],&quot;background_background&quot;:&quot;classic&quot;}">
						<div class="elementor-container elementor-column-gap-wide">
					<div class="elementor-column elementor-col-100 elementor-top-column elementor-element elementor-element-b25c69f" data-id="b25c69f" data-element_type="column">
			<div class="elementor-widget-wrap elementor-element-populated">
						<div class="elementor-element elementor-element-0e9cdfb elementor-widget elementor-widget-heading" data-id="0e9cdfb" data-element_type="widget" data-widget_type="heading.default">
				<div class="elementor-widget-container">
					<h1 class="elementor-heading-title elementor-size-default">Comité directeur</h1>				</div>
				</div>
		
		<div class="elementor-element elementor-element-4c612fe elementor-widget elementor-widget-jet-breadcrumbs" data-id="4c612fe" data-element_type="widget" data-widget_type="jet-breadcrumbs.default">
				<div class="elementor-widget-container">
					<div class="elementor-jet-breadcrumbs jet-blocks">
		<div class="jet-breadcrumbs">
		<div class="jet-breadcrumbs__content">
		<div class="jet-breadcrumbs__wrap">
		</div>
		</div>
		</div></div>				</div>
				</div>
				<div class="elementor-element elementor-element-4b197a1 elementor-widget__width-initial elementor-widget elementor-widget-text-editor" data-id="4b197a1" data-element_type="widget" data-widget_type="text-editor.default">
				<div class="elementor-widget-container">
									<p>Le Comité directeur est responsable de la direction stratégique du PS du canton de Berne. Il arrête les lignes directrices politiques et décide des campagnes de votation et d’élection. Il réunit les membres du comité directeur, les membres PS du gouvernement, le Chancelier d’Etat et les membres élus par le congrès.</p>
								</div>
				</div>
					</div>
		</div>
					</div>
		</section>
				<section class="elementor-section elementor-top-section elementor-element elementor-element-dc5f2fc elementor-section-boxed elementor-section-height-default elementor-section-height-default" data-id="dc5f2fc" data-element_type="section" data-settings="{&quot;jet_parallax_layout_list&quot;:[]}">
						<div class="elementor-container elementor-column-gap-default">
					<div class="elementor-column elementor-col-100 elementor-top-column elementor-element elementor-element-6a1a188" data-id="6a1a188" data-element_type="column">
			<div class="elementor-widget-wrap elementor-element-populated">
						<div class="elementor-element elementor-element-06242fc elementor-widget elementor-widget-jet-breadcrumbs" data-id="06242fc" data-element_type="widget" data-widget_type="jet-breadcrumbs.default">
				<div class="elementor-widget-container">
					<div class="elementor-jet-breadcrumbs jet-blocks">
		<div class="jet-breadcrumbs">
		<div class="jet-breadcrumbs__content">
		<div class="jet-breadcrumbs__wrap">
		</div>
		</div>
		</div></div>				</div>
				</div>
				<div class="elementor-element elementor-element-d414c47 elementor-widget elementor-widget-spps_person_grid" data-id="d414c47" data-element_type="widget" data-widget_type="spps_person_grid.default">
				<div class="elementor-widget-container">
					<div class="button-list-wrapper wrapper-spacing-default"><div class="button-list-container"><p>Es wurden keine Personen gefunden.</p></div></div>				</div>
				</div>
					</div>
		</div>
					</div>
		</section>
				</div>

<p>Comité directeur Le Comité directeur est responsable de la direction stratégique du PS du canton de Berne. Il arrête les lignes directrices politiques et décide des campagnes de votation et [&hellip;]</p>
